 {"id":1220,"date":"2023-05-03T05:21:59","date_gmt":"2023-05-03T05:21:59","guid":{"rendered":"https:\/\/dermamedk.es\/?post_type=product&#038;p=1220"},"modified":"2023-09-19T18:46:27","modified_gmt":"2023-09-19T16:46:27","slug":"revit-hair","status":"publish","type":"product","link":"https:\/\/dermamedk.es\/tr\/tienda\/principios-activos\/revit-hair\/","title":{"rendered":"REVIT SA\u00c7"},"content":{"rendered":"<p><strong>5 birim x 5ml <\/strong><\/p>\n<p><span style=\"font-weight: 400;\">REVITA HAIR Sa\u00e7\u0131 G\u00fc\u00e7lendirir, Kuvvetlendirir ve Yeniden Dengeler<\/span> <span style=\"font-weight: 400;\">Sa\u00e7 k\u00f6klerini k\u00f6kten uyar\u0131r ve sa\u011fl\u0131kl\u0131, g\u00fc\u00e7l\u00fc ve hacimli sa\u00e7lar i\u00e7in besler. Androjenik alopesi hastal\u0131\u011f\u0131na kar\u015f\u0131 korur,<\/span> <span style=\"font-weight: 400;\">alopesi areata ve telogen effluvium.<\/span><\/p>\n<p><b>NASIL \u00c7ALI\u015eIR?<\/b><\/p>\n<p><span style=\"font-weight: 400;\">Mikro dola\u015f\u0131m\u0131 te\u015fvik eder, sa\u00e7 derisini ve sa\u00e7 k\u00f6klerini g\u00fc\u00e7lendirir ve yeni sa\u00e7 b\u00fcy\u00fcmesini uyar\u0131r. Ayr\u0131ca antibakteriyel \u00f6zelliklere sahiptir. Sa\u00e7 derisi sa\u011fl\u0131\u011f\u0131n\u0131 destekler.<\/span><\/p>\n<p><b>ETKEN MADDELER<\/b><\/p>\n<p><span style=\"font-weight: 400;\">AQUA, PANTHENOL, MANNITOL, PROPILEN GLIKOL, CURCUMA LONGA CALLUS CONDITIONED MEDIA, METHYLSILANOL MANNURONATE,GINKGO BILOBA LEAF EXTRACT,CARBOXYETHYL AMINOBUTYRIC ACID,CENTELLA ASIATICA EXTRACT, SODIUM HYALURONATE,PENTYLENE GLYCOL, PROPANEDIOL,NIACINAMIDE,BIOTIN,<\/span><span style=\"font-weight: 400;\">TROXERUTIN, <\/span><span style=\"font-weight: 400;\">FITIK ASIT, RIBOFLAVIN, SORBIK ASIT, FENOKSIETANOL.<\/span><\/p>\n<p><b>FAYDALAR<\/b><\/p>\n<p><span style=\"font-weight: 400;\">Sa\u011fl\u0131kl\u0131 sa\u00e7 b\u00fcy\u00fcmesini uyar\u0131r, kafa derisindeki kan mikrosirk\u00fclasyonunu iyile\u015ftirir, sa\u00e7 folik\u00fcl\u00fcn\u00fc oksijenle doldurur, yat\u0131\u015ft\u0131r\u0131c\u0131 bir etkiye sahiptir, kafa derisini nemlendirir ve sa\u00e7 b\u00fcy\u00fcmesini art\u0131r\u0131r.<\/span><\/p>\n<p><b>TEDAVI EDILECEK ALAN<\/b><\/p>\n<p><span style=\"font-weight: 400;\">Kafa Derisi<\/span><\/p>","protected":false},"excerpt":{"rendered":"<p>5 unit x 5ml REVITA HAIR Refuerza, Fortalece y Reequilibra el Cabello desde la ra\u00edz, estimula los fol\u00edculos capilares y los nutre consiguiendo un cabello sano, fuerte y con volumen. Protege contra la alopecia androg\u00e9nica, la alopecia areata y el e\ufb02uvio telogen. COMO FUNCIONA. Promueve la micro circulaci\u00f3n, Fortalece el cuero cabelludo y los fol\u00edculos [&hellip;]<\/p>","protected":false},"featured_media":1513,"comment_status":"open","ping_status":"closed","template":"","meta":[],"product_brand":[],"product_cat":[42],"product_tag":[],"class_list":{"0":"post-1220","1":"product","2":"type-product","3":"status-publish","4":"has-post-thumbnail","6":"product_cat-principios-activos","8":"first","9":"instock","10":"taxable","11":"shipping-taxable","12":"purchasable","13":"product-type-simple"},"yoast_head":"<!-- This site is optimized with the Yoast SEO plugin v23.8 - https:\/\/yoast.com\/wordpress\/plugins\/seo\/ -->\n<title>REVIT HAIR - Dermamedk<\/title>\n<meta name=\"description\" content=\"REVIT HAIR refuerza, fortalece y reequilibra el cabello desde la ra\u00edz, estimula los fol\u00edculos capilares y los nutre consiguiendo un cabello sano.\" \/>\n<meta name=\"robots\" content=\"index, follow, max-snippet:-1, max-image-preview:large, max-video-preview:-1\" \/>\n<link rel=\"canonical\" href=\"https:\/\/dermamedk.es\/tr\/tienda\/principios-activos\/revit-hair\/\" \/>\n<meta property=\"og:locale\" content=\"tr_TR\" \/>\n<meta property=\"og:type\" content=\"article\" \/>\n<meta property=\"og:title\" content=\"REVIT HAIR - Dermamedk\" \/>\n<meta property=\"og:description\" content=\"REVIT HAIR refuerza, fortalece y reequilibra el cabello desde la ra\u00edz, estimula los fol\u00edculos capilares y los nutre consiguiendo un cabello sano.\" \/>\n<meta property=\"og:url\" content=\"https:\/\/dermamedk.es\/tr\/tienda\/principios-activos\/revit-hair\/\" \/>\n<meta property=\"og:site_name\" content=\"Dermamedk\" \/>\n<meta property=\"article:publisher\" content=\"https:\/\/www.facebook.com\/dermamedk\" \/>\n<meta property=\"article:modified_time\" content=\"2023-09-19T16:46:27+00:00\" \/>\n<meta property=\"og:image\" content=\"https:\/\/dermamedk.es\/wp-content\/uploads\/2023\/05\/REVIT-HAIR.webp\" \/>\n\t<meta property=\"og:image:width\" content=\"271\" \/>\n\t<meta property=\"og:image:height\" content=\"492\" \/>\n\t<meta property=\"og:image:type\" content=\"image\/webp\" \/>\n<meta name=\"twitter:card\" content=\"summary_large_image\" \/>\n<meta name=\"twitter:label1\" content=\"Tahmini okuma s\u00fcresi\" \/>\n\t<meta name=\"twitter:data1\" content=\"1 dakika\" \/>\n<script type=\"application\/ld+json\" class=\"yoast-schema-graph\">{\"@context\":\"https:\/\/schema.org\",\"@graph\":[{\"@type\":\"WebPage\",\"@id\":\"https:\/\/dermamedk.es\/tienda\/principios-activos\/revit-hair\/\",\"url\":\"https:\/\/dermamedk.es\/tienda\/principios-activos\/revit-hair\/\",\"name\":\"REVIT HAIR - Dermamedk\",\"isPartOf\":{\"@id\":\"https:\/\/dermamedk.es\/#website\"},\"primaryImageOfPage\":{\"@id\":\"https:\/\/dermamedk.es\/tienda\/principios-activos\/revit-hair\/#primaryimage\"},\"image\":{\"@id\":\"https:\/\/dermamedk.es\/tienda\/principios-activos\/revit-hair\/#primaryimage\"},\"thumbnailUrl\":\"https:\/\/dermamedk.es\/wp-content\/uploads\/2023\/05\/REVIT-HAIR.webp\",\"datePublished\":\"2023-05-03T05:21:59+00:00\",\"dateModified\":\"2023-09-19T16:46:27+00:00\",\"description\":\"REVIT HAIR refuerza, fortalece y reequilibra el cabello desde la ra\u00edz, estimula los fol\u00edculos capilares y los nutre consiguiendo un cabello sano.\",\"breadcrumb\":{\"@id\":\"https:\/\/dermamedk.es\/tienda\/principios-activos\/revit-hair\/#breadcrumb\"},\"inLanguage\":\"tr\",\"potentialAction\":[{\"@type\":\"ReadAction\",\"target\":[\"https:\/\/dermamedk.es\/tienda\/principios-activos\/revit-hair\/\"]}]},{\"@type\":\"ImageObject\",\"inLanguage\":\"tr\",\"@id\":\"https:\/\/dermamedk.es\/tienda\/principios-activos\/revit-hair\/#primaryimage\",\"url\":\"https:\/\/dermamedk.es\/wp-content\/uploads\/2023\/05\/REVIT-HAIR.webp\",\"contentUrl\":\"https:\/\/dermamedk.es\/wp-content\/uploads\/2023\/05\/REVIT-HAIR.webp\",\"width\":271,\"height\":492},{\"@type\":\"BreadcrumbList\",\"@id\":\"https:\/\/dermamedk.es\/tienda\/principios-activos\/revit-hair\/#breadcrumb\",\"itemListElement\":[{\"@type\":\"ListItem\",\"position\":1,\"name\":\"Home\",\"item\":\"https:\/\/dermamedk.es\/\"},{\"@type\":\"ListItem\",\"position\":2,\"name\":\"Tienda\",\"item\":\"https:\/\/dermamedk.es\/tienda-dermamedk\/\"},{\"@type\":\"ListItem\",\"position\":3,\"name\":\"REVIT HAIR\"}]},{\"@type\":\"WebSite\",\"@id\":\"https:\/\/dermamedk.es\/#website\",\"url\":\"https:\/\/dermamedk.es\/\",\"name\":\"DermamedK | La elecci\u00f3n perfecta para tu cuidado de la piel\",\"description\":\"Lo mejor para el cuidado de tu piel\",\"publisher\":{\"@id\":\"https:\/\/dermamedk.es\/#organization\"},\"potentialAction\":[{\"@type\":\"SearchAction\",\"target\":{\"@type\":\"EntryPoint\",\"urlTemplate\":\"https:\/\/dermamedk.es\/?s={search_term_string}\"},\"query-input\":{\"@type\":\"PropertyValueSpecification\",\"valueRequired\":true,\"valueName\":\"search_term_string\"}}],\"inLanguage\":\"tr\"},{\"@type\":\"Organization\",\"@id\":\"https:\/\/dermamedk.es\/#organization\",\"name\":\"DermamedK | La elecci\u00f3n perfecta para tu cuidado de la piel\",\"url\":\"https:\/\/dermamedk.es\/\",\"logo\":{\"@type\":\"ImageObject\",\"inLanguage\":\"tr\",\"@id\":\"https:\/\/dermamedk.es\/#\/schema\/logo\/image\/\",\"url\":\"https:\/\/dermamedk.es\/wp-content\/uploads\/2023\/04\/logo-150.webp\",\"contentUrl\":\"https:\/\/dermamedk.es\/wp-content\/uploads\/2023\/04\/logo-150.webp\",\"width\":180,\"height\":212,\"caption\":\"DermamedK | La elecci\u00f3n perfecta para tu cuidado de la piel\"},\"image\":{\"@id\":\"https:\/\/dermamedk.es\/#\/schema\/logo\/image\/\"},\"sameAs\":[\"https:\/\/www.facebook.com\/dermamedk\",\"https:\/\/www.instagram.com\/dermamedk\/\"]}]}<\/script>\n<!-- \/ Yoast SEO plugin. -->","yoast_head_json":{"title":"REVIT HAIR - Dermamedk","description":"REVIT HAIR refuerza, fortalece y reequilibra el cabello desde la ra\u00edz, estimula los fol\u00edculos capilares y los nutre consiguiendo un cabello sano.","robots":{"index":"index","follow":"follow","max-snippet":"max-snippet:-1","max-image-preview":"max-image-preview:large","max-video-preview":"max-video-preview:-1"},"canonical":"https:\/\/dermamedk.es\/tr\/tienda\/principios-activos\/revit-hair\/","og_locale":"tr_TR","og_type":"article","og_title":"REVIT HAIR - Dermamedk","og_description":"REVIT HAIR refuerza, fortalece y reequilibra el cabello desde la ra\u00edz, estimula los fol\u00edculos capilares y los nutre consiguiendo un cabello sano.","og_url":"https:\/\/dermamedk.es\/tr\/tienda\/principios-activos\/revit-hair\/","og_site_name":"Dermamedk","article_publisher":"https:\/\/www.facebook.com\/dermamedk","article_modified_time":"2023-09-19T16:46:27+00:00","og_image":[{"width":271,"height":492,"url":"https:\/\/dermamedk.es\/wp-content\/uploads\/2023\/05\/REVIT-HAIR.webp","type":"image\/webp"}],"twitter_card":"summary_large_image","twitter_misc":{"Tahmini okuma s\u00fcresi":"1 dakika"},"schema":{"@context":"https:\/\/schema.org","@graph":[{"@type":"WebPage","@id":"https:\/\/dermamedk.es\/tienda\/principios-activos\/revit-hair\/","url":"https:\/\/dermamedk.es\/tienda\/principios-activos\/revit-hair\/","name":"REVIT HAIR - Dermamedk","isPartOf":{"@id":"https:\/\/dermamedk.es\/#website"},"primaryImageOfPage":{"@id":"https:\/\/dermamedk.es\/tienda\/principios-activos\/revit-hair\/#primaryimage"},"image":{"@id":"https:\/\/dermamedk.es\/tienda\/principios-activos\/revit-hair\/#primaryimage"},"thumbnailUrl":"https:\/\/dermamedk.es\/wp-content\/uploads\/2023\/05\/REVIT-HAIR.webp","datePublished":"2023-05-03T05:21:59+00:00","dateModified":"2023-09-19T16:46:27+00:00","description":"REVIT HAIR refuerza, fortalece y reequilibra el cabello desde la ra\u00edz, estimula los fol\u00edculos capilares y los nutre consiguiendo un cabello sano.","breadcrumb":{"@id":"https:\/\/dermamedk.es\/tienda\/principios-activos\/revit-hair\/#breadcrumb"},"inLanguage":"tr","potentialAction":[{"@type":"ReadAction","target":["https:\/\/dermamedk.es\/tienda\/principios-activos\/revit-hair\/"]}]},{"@type":"ImageObject","inLanguage":"tr","@id":"https:\/\/dermamedk.es\/tienda\/principios-activos\/revit-hair\/#primaryimage","url":"https:\/\/dermamedk.es\/wp-content\/uploads\/2023\/05\/REVIT-HAIR.webp","contentUrl":"https:\/\/dermamedk.es\/wp-content\/uploads\/2023\/05\/REVIT-HAIR.webp","width":271,"height":492},{"@type":"BreadcrumbList","@id":"https:\/\/dermamedk.es\/tienda\/principios-activos\/revit-hair\/#breadcrumb","itemListElement":[{"@type":"ListItem","position":1,"name":"Home","item":"https:\/\/dermamedk.es\/"},{"@type":"ListItem","position":2,"name":"Tienda","item":"https:\/\/dermamedk.es\/tienda-dermamedk\/"},{"@type":"ListItem","position":3,"name":"REVIT HAIR"}]},{"@type":"WebSite","@id":"https:\/\/dermamedk.es\/#website","url":"https:\/\/dermamedk.es\/","name":"DermamedK | La elecci\u00f3n perfecta para tu cuidado de la piel","description":"Lo mejor para el cuidado de tu piel","publisher":{"@id":"https:\/\/dermamedk.es\/#organization"},"potentialAction":[{"@type":"SearchAction","target":{"@type":"EntryPoint","urlTemplate":"https:\/\/dermamedk.es\/?s={search_term_string}"},"query-input":{"@type":"PropertyValueSpecification","valueRequired":true,"valueName":"search_term_string"}}],"inLanguage":"tr"},{"@type":"Organization","@id":"https:\/\/dermamedk.es\/#organization","name":"DermamedK | La elecci\u00f3n perfecta para tu cuidado de la piel","url":"https:\/\/dermamedk.es\/","logo":{"@type":"ImageObject","inLanguage":"tr","@id":"https:\/\/dermamedk.es\/#\/schema\/logo\/image\/","url":"https:\/\/dermamedk.es\/wp-content\/uploads\/2023\/04\/logo-150.webp","contentUrl":"https:\/\/dermamedk.es\/wp-content\/uploads\/2023\/04\/logo-150.webp","width":180,"height":212,"caption":"DermamedK | La elecci\u00f3n perfecta para tu cuidado de la piel"},"image":{"@id":"https:\/\/dermamedk.es\/#\/schema\/logo\/image\/"},"sameAs":["https:\/\/www.facebook.com\/dermamedk","https:\/\/www.instagram.com\/dermamedk\/"]}]}},"_links":{"self":[{"href":"https:\/\/dermamedk.es\/tr\/wp-json\/wp\/v2\/product\/1220","targetHints":{"allow":["GET"]}}],"collection":[{"href":"https:\/\/dermamedk.es\/tr\/wp-json\/wp\/v2\/product"}],"about":[{"href":"https:\/\/dermamedk.es\/tr\/wp-json\/wp\/v2\/types\/product"}],"replies":[{"embeddable":true,"href":"https:\/\/dermamedk.es\/tr\/wp-json\/wp\/v2\/comments?post=1220"}],"version-history":[{"count":5,"href":"https:\/\/dermamedk.es\/tr\/wp-json\/wp\/v2\/product\/1220\/revisions"}],"predecessor-version":[{"id":1550,"href":"https:\/\/dermamedk.es\/tr\/wp-json\/wp\/v2\/product\/1220\/revisions\/1550"}],"wp:featuredmedia":[{"embeddable":true,"href":"https:\/\/dermamedk.es\/tr\/wp-json\/wp\/v2\/media\/1513"}],"wp:attachment":[{"href":"https:\/\/dermamedk.es\/tr\/wp-json\/wp\/v2\/media?parent=1220"}],"wp:term":[{"taxonomy":"product_brand","embeddable":true,"href":"https:\/\/dermamedk.es\/tr\/wp-json\/wp\/v2\/product_brand?post=1220"},{"taxonomy":"product_cat","embeddable":true,"href":"https:\/\/dermamedk.es\/tr\/wp-json\/wp\/v2\/product_cat?post=1220"},{"taxonomy":"product_tag","embeddable":true,"href":"https:\/\/dermamedk.es\/tr\/wp-json\/wp\/v2\/product_tag?post=1220"}],"curies":[{"name":"wp","href":"https:\/\/api.w.org\/{rel}","templated":true}]}}

REVIT SAÇ

<p><strong>5 birim x 5ml </strong></p>
<p><span style="font-weight: 400;">REVITA HAIR Saçı Güçlendirir, Kuvvetlendirir ve Yeniden Dengeler</span> <span style="font-weight: 400;">Saç köklerini kökten uyarır ve sağlıklı, güçlü ve hacimli saçlar için besler. Androjenik alopesi hastalığına karşı korur,</span> <span style="font-weight: 400;">alopesi areata ve telogen effluvium.</span></p>
<p><b>NASIL ÇALIŞIR?</b></p>
<p><span style="font-weight: 400;">Mikro dolaşımı teşvik eder, saç derisini ve saç köklerini güçlendirir ve yeni saç büyümesini uyarır. Ayrıca antibakteriyel özelliklere sahiptir. Saç derisi sağlığını destekler.</span></p>
<p><b>ETKEN MADDELER</b></p>
<p><span style="font-weight: 400;">AQUA, PANTHENOL, MANNITOL, PROPILEN GLIKOL, CURCUMA LONGA CALLUS CONDITIONED MEDIA, METHYLSILANOL MANNURONATE,GINKGO BILOBA LEAF EXTRACT,CARBOXYETHYL AMINOBUTYRIC ACID,CENTELLA ASIATICA EXTRACT, SODIUM HYALURONATE,PENTYLENE GLYCOL, PROPANEDIOL,NIACINAMIDE,BIOTIN,</span><span style="font-weight: 400;">TROXERUTIN, </span><span style="font-weight: 400;">FITIK ASIT, RIBOFLAVIN, SORBIK ASIT, FENOKSIETANOL.</span></p>
<p><b>FAYDALAR</b></p>
<p><span style="font-weight: 400;">Sağlıklı saç büyümesini uyarır, kafa derisindeki kan mikrosirkülasyonunu iyileştirir, saç folikülünü oksijenle doldurur, yatıştırıcı bir etkiye sahiptir, kafa derisini nemlendirir ve saç büyümesini artırır.</span></p>
<p><b>TEDAVI EDILECEK ALAN</b></p>
<p><span style="font-weight: 400;">Kafa Derisi</span></p>

<p>5 unit x 5ml REVITA HAIR Refuerza, Fortalece y Reequilibra el Cabello desde la raíz, estimula los folículos capilares y los nutre consiguiendo un cabello sano, fuerte y con volumen. Protege contra la alopecia androgénica, la alopecia areata y el eﬂuvio telogen. COMO FUNCIONA. Promueve la micro circulación, Fortalece el cuero cabelludo y los folículos [&hellip;]</p>

<!-- This site is optimized with the Yoast SEO plugin v23.8 - https://yoast.com/wordpress/plugins/seo/ -->
<title>REVIT HAIR - Dermamedk</title>
<meta name="description" content="REVIT HAIR refuerza, fortalece y reequilibra el cabello desde la raíz, estimula los folículos capilares y los nutre consiguiendo un cabello sano." />
<meta name="robots" content="index, follow, max-snippet:-1, max-image-preview:large, max-video-preview:-1" />
<link rel="canonical" href="https://dermamedk.es/tr/tienda/principios-activos/revit-hair/" />
<meta property="og:locale" content="tr_TR" />
<meta property="og:type" content="article" />
<meta property="og:title" content="REVIT HAIR - Dermamedk" />
<meta property="og:description" content="REVIT HAIR refuerza, fortalece y reequilibra el cabello desde la raíz, estimula los folículos capilares y los nutre consiguiendo un cabello sano." />
<meta property="og:url" content="https://dermamedk.es/tr/tienda/principios-activos/revit-hair/" />
<meta property="og:site_name" content="Dermamedk" />
<meta property="article:publisher" content="https://www.facebook.com/dermamedk" />
<meta property="article:modified_time" content="2023-09-19T16:46:27+00:00" />
<meta property="og:image" content="https://dermamedk.es/wp-content/uploads/2023/05/REVIT-HAIR.webp" />
	<meta property="og:image:width" content="271" />
	<meta property="og:image:height" content="492" />
	<meta property="og:image:type" content="image/webp" />
<meta name="twitter:card" content="summary_large_image" />
<meta name="twitter:label1" content="Tahmini okuma süresi" />
	<meta name="twitter:data1" content="1 dakika" />
<script type="application/ld+json" class="yoast-schema-graph">{"@context":"https://schema.org","@graph":[{"@type":"WebPage","@id":"https://dermamedk.es/tienda/principios-activos/revit-hair/","url":"https://dermamedk.es/tienda/principios-activos/revit-hair/","name":"REVIT HAIR - Dermamedk","isPartOf":{"@id":"https://dermamedk.es/#website"},"primaryImageOfPage":{"@id":"https://dermamedk.es/tienda/principios-activos/revit-hair/#primaryimage"},"image":{"@id":"https://dermamedk.es/tienda/principios-activos/revit-hair/#primaryimage"},"thumbnailUrl":"https://dermamedk.es/wp-content/uploads/2023/05/REVIT-HAIR.webp","datePublished":"2023-05-03T05:21:59+00:00","dateModified":"2023-09-19T16:46:27+00:00","description":"REVIT HAIR refuerza, fortalece y reequilibra el cabello desde la raíz, estimula los folículos capilares y los nutre consiguiendo un cabello sano.","breadcrumb":{"@id":"https://dermamedk.es/tienda/principios-activos/revit-hair/#breadcrumb"},"inLanguage":"tr","potentialAction":[{"@type":"ReadAction","target":["https://dermamedk.es/tienda/principios-activos/revit-hair/"]}]},{"@type":"ImageObject","inLanguage":"tr","@id":"https://dermamedk.es/tienda/principios-activos/revit-hair/#primaryimage","url":"https://dermamedk.es/wp-content/uploads/2023/05/REVIT-HAIR.webp","contentUrl":"https://dermamedk.es/wp-content/uploads/2023/05/REVIT-HAIR.webp","width":271,"height":492},{"@type":"BreadcrumbList","@id":"https://dermamedk.es/tienda/principios-activos/revit-hair/#breadcrumb","itemListElement":[{"@type":"ListItem","position":1,"name":"Home","item":"https://dermamedk.es/"},{"@type":"ListItem","position":2,"name":"Tienda","item":"https://dermamedk.es/tienda-dermamedk/"},{"@type":"ListItem","position":3,"name":"REVIT HAIR"}]},{"@type":"WebSite","@id":"https://dermamedk.es/#website","url":"https://dermamedk.es/","name":"DermamedK | La elección perfecta para tu cuidado de la piel","description":"Lo mejor para el cuidado de tu piel","publisher":{"@id":"https://dermamedk.es/#organization"},"potentialAction":[{"@type":"SearchAction","target":{"@type":"EntryPoint","urlTemplate":"https://dermamedk.es/?s={search_term_string}"},"query-input":{"@type":"PropertyValueSpecification","valueRequired":true,"valueName":"search_term_string"}}],"inLanguage":"tr"},{"@type":"Organization","@id":"https://dermamedk.es/#organization","name":"DermamedK | La elección perfecta para tu cuidado de la piel","url":"https://dermamedk.es/","logo":{"@type":"ImageObject","inLanguage":"tr","@id":"https://dermamedk.es/#/schema/logo/image/","url":"https://dermamedk.es/wp-content/uploads/2023/04/logo-150.webp","contentUrl":"https://dermamedk.es/wp-content/uploads/2023/04/logo-150.webp","width":180,"height":212,"caption":"DermamedK | La elección perfecta para tu cuidado de la piel"},"image":{"@id":"https://dermamedk.es/#/schema/logo/image/"},"sameAs":["https://www.facebook.com/dermamedk","https://www.instagram.com/dermamedk/"]}]}</script>
<!-- / Yoast SEO plugin. -->

REVIT HAIR refuerza, fortalece y reequilibra el cabello desde la raíz, estimula los folículos capilares y los nutre consiguiendo un cabello sano.

DermamedK | La elección perfecta para tu cuidado de la piel
